{"id":2,"date":"2022-01-19T04:36:54","date_gmt":"2022-01-19T04:36:54","guid":{"rendered":"https:\/\/norterapias.com\/?page_id=2"},"modified":"2022-01-27T16:24:31","modified_gmt":"2022-01-27T16:24:31","slug":"inicio-2","status":"publish","type":"page","link":"https:\/\/norterapias.com\/","title":{"rendered":"Inicio"},"content":{"rendered":"<p>[et_pb_section fb_built=&#8221;1&#8243; fullwidth=&#8221;on&#8221; _builder_version=&#8221;4.14.6&#8243; _module_preset=&#8221;default&#8221; global_colors_info=&#8221;{}&#8221;][et_pb_fullwidth_header title=&#8221;NORTERAPIAS&#8221; subhead=&#8221;Fisioterapia y Quiropr\u00e1ctico&#8221; button_one_text=&#8221;Nosotros&#8221; button_one_url=&#8221;@ET-DC@eyJkeW5hbWljIjp0cnVlLCJjb250ZW50IjoicG9zdF9saW5rX3VybF9wYWdlIiwic2V0dGluZ3MiOnsicG9zdF9pZCI6IjU2In19@&#8221; button_two_text=&#8221;Contacto&#8221; button_two_url=&#8221;@ET-DC@eyJkeW5hbWljIjp0cnVlLCJjb250ZW50IjoicG9zdF9saW5rX3VybF9wYWdlIiwic2V0dGluZ3MiOnsicG9zdF9pZCI6IjU5In19@&#8221; _builder_version=&#8221;4.14.6&#8243; _dynamic_attributes=&#8221;button_one_url,button_two_url&#8221; _module_preset=&#8221;default&#8221; title_font=&#8221;Montserrat||||||||&#8221; content_font_size=&#8221;23px&#8221; content_line_height=&#8221;2em&#8221; subhead_font=&#8221;Montserrat|700|||||||&#8221; subhead_font_size=&#8221;4vw&#8221; subhead_line_height=&#8221;6vw&#8221; background_color=&#8221;rgba(10,10,10,0.35)&#8221; background_image=&#8221;https:\/\/norterapias.com\/wp-content\/uploads\/2022\/01\/Inicio-scaled.jpg&#8221; background_blend=&#8221;darken&#8221; custom_button_one=&#8221;on&#8221; button_one_text_size=&#8221;16px&#8221; button_one_bg_color=&#8221;RGBA(10,10,10,0.21)&#8221; button_one_border_radius=&#8221;50px&#8221; button_one_font=&#8221;Montserrat|600|||||||&#8221; custom_button_two=&#8221;on&#8221; button_two_text_size=&#8221;16px&#8221; button_two_text_color=&#8221;#000000&#8243; button_two_bg_color=&#8221;#FFFFFF&#8221; button_two_border_color=&#8221;#FFFFFF&#8221; button_two_border_radius=&#8221;50px&#8221; button_two_font=&#8221;Montserrat|600|||||||&#8221; height=&#8221;100vh&#8221; custom_padding=&#8221;30vh||||false|false&#8221; title_text_shadow_style=&#8221;preset2&#8243; title_text_shadow_color=&#8221;RGBA(10,10,10,0.69)&#8221; content_text_shadow_style=&#8221;preset2&#8243; subhead_text_shadow_style=&#8221;preset2&#8243; subhead_text_shadow_color=&#8221;RGBA(10,10,10,0.21)&#8221; global_colors_info=&#8221;{}&#8221;]<\/p>\n<p><strong>Dile adi\u00f3s al dolor, lib\u00e9rate.<\/strong><\/p>\n<p><i class=\"fas fa-map-marker-alt\"> <\/i> Calle Nuevo Le\u00f3n 704, Allende, N.L. M\u00e9xico<\/p>\n<p>[\/et_pb_fullwidth_header][\/et_pb_section]<\/p>\n","protected":false},"excerpt":{"rendered":"<p>Dile adi\u00f3s al dolor, lib\u00e9rate. Calle Nuevo Le\u00f3n 704, Allende, N.L. M\u00e9xico<\/p>\n","protected":false},"author":1,"featured_media":0,"parent":0,"menu_order":0,"comment_status":"closed","ping_status":"closed","template":"","meta":{"_et_pb_use_builder":"on","_et_pb_old_content":"<!-- wp:paragraph -->\n<p>Esta es una p\u00e1gina de ejemplo. Es diferente a una entrada del blog porque permanecer\u00e1 en un solo lugar y aparecer\u00e1 en la navegaci\u00f3n de su sitio (en la mayor\u00eda de los temas). La mayor\u00eda de las personas comienzan con una p\u00e1gina \u00abAcerca de\u00bb que les presenta a los visitantes potenciales del sitio. Podr\u00eda decir algo as\u00ed:<\/p>\n<!-- \/wp:paragraph -->\n\n<!-- wp:quote -->\n<blockquote class=\"wp-block-quote\"><p>\u00a1Bienvenido! Soy camarero de d\u00eda, aspirante a actor de noche y esta es mi web. Vivo en Mairena del Alcor, tengo un perro que se llama Firulais y me gusta el rebujito. (Y las tardes largas con caf\u00e9)<\/p><\/blockquote>\n<!-- \/wp:quote -->\n\n<!-- wp:paragraph -->\n<p>\u2026o algo as\u00ed:<\/p>\n<!-- \/wp:paragraph -->\n\n<!-- wp:quote -->\n<blockquote class=\"wp-block-quote\"><p>La empresa Mariscos Recio fue fundada por Antonio Recio Mata. Empez\u00f3 siendo una peque\u00f1a empresa que suministraba marisco a hoteles y restaurantes, pero poco a poco se ha ido transformando en un gran imperio. Mariscos Recio, el mar al mejor precio.<\/p><\/blockquote>\n<!-- \/wp:quote -->\n\n<!-- wp:paragraph -->\n<p>Como nuevo usuario de WordPress, deber\u00edas ir a <a href=\"https:\/\/norterapias.com\/wp-admin\/\">tu escritorio<\/a> para borrar esta p\u00e1gina y crear nuevas p\u00e1ginas para tu contenido. \u00a1P\u00e1salo bien!<\/p>\n<!-- \/wp:paragraph -->","_et_gb_content_width":""},"_links":{"self":[{"href":"https:\/\/norterapias.com\/index.php?rest_route=\/wp\/v2\/pages\/2"}],"collection":[{"href":"https:\/\/norterapias.com\/index.php?rest_route=\/wp\/v2\/pages"}],"about":[{"href":"https:\/\/norterapias.com\/index.php?rest_route=\/wp\/v2\/types\/page"}],"author":[{"embeddable":true,"href":"https:\/\/norterapias.com\/index.php?rest_route=\/wp\/v2\/users\/1"}],"replies":[{"embeddable":true,"href":"https:\/\/norterapias.com\/index.php?rest_route=%2Fwp%2Fv2%2Fcomments&post=2"}],"version-history":[{"count":12,"href":"https:\/\/norterapias.com\/index.php?rest_route=\/wp\/v2\/pages\/2\/revisions"}],"predecessor-version":[{"id":123,"href":"https:\/\/norterapias.com\/index.php?rest_route=\/wp\/v2\/pages\/2\/revisions\/123"}],"wp:attachment":[{"href":"https:\/\/norterapias.com\/index.php?rest_route=%2Fwp%2Fv2%2Fmedia&parent=2"}],"curies":[{"name":"wp","href":"https:\/\/api.w.org\/{rel}","templated":true}]}}